 the remainder when q is divided by 17/(-2)*(-6 - a)?
15
Let i = -36 - -21. Let w be (-1)/(-3) - (-20)/i. Let n(l) = 25*l**2. What is the remainder when n(w) is divided by 14?
11
Suppose -10*s = -5049 + 1299. Calculate the remainder when s is divided by 8.
7
Suppose -4*p + 30 = 5*v, -5*p - v = -2*v - 23. What is the remainder when p is divided by 2?
1
Suppose -q = 5*l - 404, 3*q + 471 = -4*l + 1628. Calculate the remainder when 66 is divided by (-6)/39 + q/13.
8
Let h(u) = 2*u**2 + 8*u - 137. Calculate the remainder when h(-13) is divided by 64.
33
Let n(q) = -26*q - 2. What is the remainder when 285 is divided by n(-1)?
21
Suppose r = -0*r - 4*k + 13, 0 = 4*r + k - 37. Let f be (-30)/r*(-18)/5. What is the remainder when 66 is divided by 17 + 0/(f/4)?
15
Let c(f) be the third derivative of -f**6/120 + 3*f**5/20 + 13*f**4/24 - f**3 - 6*f**2. Calculate the remainder when 70 is divided by c(10).
22
Let z = 1334 - -357. What is the remainder when z is divided by 14?
11
Let q(f) = -10*f**2 + 5*f - 9. Let v(y) = -15*y**2 + 7*y - 13. Let k(w) = -8*q(w) + 5*v(w). What is the remainder when k(-3) is divided by 14?
11
Let c(y) = -21*y + 10. Calculate the remainder when 104 is divided by c(-1).
11
Let m(j) = 214*j - 39. What is the remainder when m(1) is divided by 11?
10
Let a = 178 + -129. What is the remainder when 143 is divided by a?
45
Let p = -52 + 57. Suppose 0*s + 21 = s - p*c, -2*s + 49 = -3*c. Calculate the remainder when s is divided by 7.
5
Let i(c) = 12*c + 50. Let n be i(-4). Suppose 4*b = -3*l + 23, 3*b - 3*l = 2*b + n. What is the remainder when 9 is divided by b?
4
Suppose 5*i - 110 = i + 2*s, 54 = 2*i - 2*s. Calculate the remainder when (-1)/(7*(-20)/15540) is divided by i.
27
Suppose -4*p + 8*p - 3*o = -48, 5*o = 4*p + 56. Calculate the remainder when ((-186)/p)/(1 + 2/(-6)) is divided by 11.
9
Calculate the remainder when (1005/20 - 3/(-4)) + -3 is divided by (-50)/(-3)*(-12)/(-8).
23
Suppose 3*a = 3*g + 10 + 44, -a = g - 20. Calculate the remainder when 340 is divided by a.
17
Let i(l) = 11*l - 1. Suppose 4*c = -2*v + 5*c + 44, -3*v - 3*c = -48. Calculate the remainder when i(2) is divided by 25/(-250) - (-222)/v.
10
Let a = -44 + 69. Let z(y) = -y**2 + 5*y - 1. Let l be z(4). Suppose -s = -3*p + 40, 4*p - l*s - s = 56. What is the remainder when a is divided by p?
12
Suppose 0 = 2*k - 5*u - 101, 0 = -3*k - 3*u + 8*u + 154. What is the remainder when k is divided by 27?
26
Suppose b = 5*h - 4*b + 40, 0 = 2*h + 4*b + 4. Calculate the remainder when 620/15 + (-4)/h is divided by 11.
9
Suppose 17*u + 2*u - 152 = 0. What is the remainder when 71 is divided by u?
7
Suppose -5*q = -q + 16. Let g = -137 + 171. What is the remainder when g is divided by (q/(-3))/(4/54)?
16
Let x be 5/(5/11) + -3. Let a(j) = j**3 - 6*j**2 - 12*j + 3. Let m be a(x). Let z = m - 25. What is the remainder when 27 is divided by z?
7
Suppose -12*z = -6*z - 234. Let w = 255 - 139. What is the remainder when w is divided by z?
38
Suppose -155*b + 158*b - 3 = 0. What is the remainder when 27 is divided by b?
0
Let g = -11 - -72. Let j = g - 47. What is the remainder when j is divided by 8?
6
Suppose -5*w - 2 = -22. Suppose 3*d = -3, 0*d - 184 = -4*q - w*d. What is the remainder when q is divided by 12?
11
Let f = 320 - -950. Suppose 5*w = -5*w + f. Calculate the remainder when w is divided by 32.
31
Suppose 0 = -r + 2*y + 63, 2*y = r + 7*y - 56. Let z(f) = -f**3 + 17*f**2 + 18*f + 16. Calculate the remainder when r is divided by z(18).
13
Suppose 5*o + 36 = -39. Let j = 19 + o. Let z = j - -20. Calculate the remainder when 47 is divided by z.
23
Let b = -38 + 74. Suppose -18*p + b = -17*p. Calculate the remainder when 104 is divided by p.
32
Suppose 0*g = -4*g, 3*b - 2*g - 6 = 0. Let u(m) = 4*m**3 - 4*m**2 + 7*m - 7. What is the remainder when u(b) is divided by 16?
7
Let o(b) = b**3 + 10*b**2 - 30*b - 169. What is the remainder when 196 is divided by o(-11)?
36
Suppose 4*k = -2*o + 96, 3 - 65 = -3*k - 4*o. Suppose 4*s - 3 = h + 4, -4*h = 2*s - k. What is the remainder when 17 is divided by h?
2
Suppose t - 23 + 10 = 5*z, -2*z = 2*t - 26. What is the remainder when 61 is divided by t?
9
Let v(x) = -9*x**2. Let n be v(4). Let r(f) = f**3 + f**2 + 2*f + 17. What is the remainder when ((-4)/3)/(4/n) is divided by r(0)?
14
Let j be 0/(-3) + (18 - 1) - -2. Suppose j*n - 2*n - 306 = 0. Calculate the remainder when 53 is divided by n.
17
Suppose 0*f = 2*f + 4. Let a = f + 18. Calculate the remainder when a is divided by 4.
0
Suppose -1 = -4*r + 15. Suppose 9 = r*p - 71. What is the remainder when 77 is divided by p?
17
Let b(r) = r**3 + 9*r**2 + 8*r + 1. Let g = 36 - 30. Suppose g*i + 4*u = i + 79, -i - 2*u + 17 = 0. What is the remainder when b(-7) is divided by i?
13
Suppose 4*x + 35 = w, -6*x = -w - 3*x + 31. Let s = 40 + -10. What is the remainder when s is divided by w?
11
Suppose -2*v + 4*z = -12, 2*v - 36 = -z - 4. Suppose 0 = f - 6 - 26. Let k = f + -5. Calculate the remainder when k is divided by v.
13
Let t(u) = -u + 18. Let k be t(11). Let c = 10 - k. Suppose -3*a + 4*j + 52 = 0, 0 = -c*a + 3*j + 43 + 5. Calculate the remainder when 59 is divided by a.
11
Let o be 1*(-4 - -3) - -4. Suppose -o*h + 56 = -40. Let g(p) = p**2 - 5*p - 7. Calculate the remainder when h is divided by g(8).
15
Suppose 0 = 3*a + a + 5*g - 237, -5*a = g - 312. Suppose 4*w = -3 + a. Calculate the remainder when w is divided by 3.
0
Calculate the remainder when 412 is divided by 15/((-120)/16) - -61.
58
Let x = 0 + 24. What is the remainder when x is divided by 663/(-34)*(-3)/((-9)/(-2))?
11
Let u(j) = 123*j - 1. Let y be u(1). Suppose 0*k + 2*k - y = 0. What is the remainder when k is divided by (400/15)/5*6?
29
Calculate the remainder when 11 is divided by 4 - ((-5 - -2 - -9) + -5).
2
Let h = 149 - 94. Let y(g) = -g - 1. Let c be y(5). Let z(f) = -f**3 - 6*f**2 - 5*f - 11. What is the remainder when h is divided by z(c)?
17
Let v = -11 - -15. Suppose -v*p = 2*k - 7*k - 10, 0 = p + 5*k - 15. What is the remainder when 7 is divided by p?
2
Suppose 3*s = -5*g + 59 + 63, -5*s + 4*g + 191 = 0. What is the remainder when 174 is divided by s?
18
Let g = 715 - 680. Calculate the remainder when 99 is divided by g.
29
Let z be (-15)/6*(-28)/(-35). Let p be ((-760)/5)/z + -1. Suppose -2*b - b = -p. Calculate the remainder when 72 is divided by b.
22
Let q = -1348 + 1366. What is the remainder when 196 is divided by q?
16
Let q = 80 + -28. Let n = q + -43. Calculate the remainder when 41 is divided by n.
5
Let z(p) = -3*p - 3. Let g be z(5). Suppose 6*m = -62 - 148. Let s = g - m. What is the remainder when 31 is divided by s?
14
Let n = -1217 - -1234. Calculate the remainder when 114 is divided by n.
12
Suppose 6*a - 36 = 10*a. Calculate the remainder when 49 is divided by 2/a - (-460)/45.
9
Let d = -303 - -329. What is the remainder when 98 is divided by d?
20
Suppose -49*p = -48*p - 4. Suppose -3*j + 148 - 20 = -p*a, 2*j = -2*a + 62. Calculate the remainder when j is divided by 10.
6
Suppose 0 = -3*r - 2*j + 238, -27*j = 3*r - 23*j - 230. What is the remainder when r is divided by 28?
26
Suppose 49*f - 56*f = -147. What is the remainder when 134 is divided by f?
8
Let r(i) = -i**3 + 12*i**2 + 2*i - 13. Let m = -5 - -17. Let d(c) = c**3 + 3*c**2 - 21*c + 3. Calculate the remainder when d(4) is divided by r(m).
9
Let h(w) = 27*w**2 + 3*w + 22. What is the remainder when h(-3) is divided by 10?
6
Suppose 258 = 2*d + 4*d. Let c = -39 + d. What is the remainder when c is divided by 1?
0
Let o(n) = 2*n - 1. Suppose -4*i - 38 = -4*t + i, -2*i - 4 = 0. Calculate the remainder when o(13) is divided by t.
4
Suppose 0 = -5*l + 28 + 2. Let v(p) = 3*p - 10. Calculate the remainder when l is divided by v(5).
1
Let p(t) = -t**3 - 3*t**2 + 2*t + 2. Let n be p(0). Suppose -2*b = -7*f + 2*f - 74, 54 = n*b + 5*f. What is the remainder when b is divided by 17?
15
Suppose -2*d - 3*h + 128 = 3*d, -4*d + 4*h + 128 = 0. What is the remainder when 389 is divided by d?
25
Suppose 5*w = 3*o - 37, 34*o = 31*o - 2*w + 65. Calculate the remainder when 873 is divided by o.
18
Suppose 0*z = -3*z + 30. Let p(g) = -g**2 + 11*g + 8. Let r = -160 - -193. Calculate the remainder when r is divided by p(z).
15
Suppose -4*o - 3*j 